{"id":5635,"date":"2026-03-31T12:23:04","date_gmt":"2026-03-31T11:23:04","guid":{"rendered":"https:\/\/solutions.axians.com\/sap\/?page_id=5635"},"modified":"2026-04-03T10:56:17","modified_gmt":"2026-04-03T09:56:17","slug":"pravna-napomena","status":"publish","type":"page","link":"https:\/\/solutions.axians.com\/sap\/hr\/pravna-napomena\/","title":{"rendered":"Pravne napomene"},"content":{"rendered":"\n<section class=\"wp-block-group stage-subpage is-layout-constrained wp-block-group-is-layout-constrained\">\n<figure class=\"wp-block-image size-large\"><img loading=\"lazy\" decoding=\"async\" width=\"1920\" height=\"1125\" src=\"https:\/\/solutions.axians.com\/sap\/wp-content\/uploads\/2025\/10\/Axians-Building-Branding-2-1920x1125.jpg\" alt=\"\" class=\"wp-image-5636\" srcset=\"https:\/\/solutions.axians.com\/sap\/wp-content\/uploads\/2025\/10\/Axians-Building-Branding-2-1920x1125.jpg 1920w, https:\/\/solutions.axians.com\/sap\/wp-content\/uploads\/2025\/10\/Axians-Building-Branding-2-800x469.jpg 800w, https:\/\/solutions.axians.com\/sap\/wp-content\/uploads\/2025\/10\/Axians-Building-Branding-2-768x450.jpg 768w, https:\/\/solutions.axians.com\/sap\/wp-content\/uploads\/2025\/10\/Axians-Building-Branding-2-1536x900.jpg 1536w, https:\/\/solutions.axians.com\/sap\/wp-content\/uploads\/2025\/10\/Axians-Building-Branding-2.jpg 2000w\" sizes=\"auto, (max-width: 1920px) 100vw, 1920px\" \/><\/figure>\n\n\n\n<div class=\"wp-block-group container is-layout-flow wp-block-group-is-layout-flow\">\n<div class=\"wp-block-columns row is-layout-flex wp-block-columns-is-layout-flex\">\n<div class=\"wp-block-column col-12 is-layout-flow wp-block-column-is-layout-flow\">\n<h1 class=\"wp-block-heading headline\">Pravna napomena<\/h1>\n\n\n\n<p><\/p>\n<\/div>\n<\/div>\n<\/div>\n<\/section>\n\n\n\n<section class=\"wp-block-group breadcrumb is-layout-constrained wp-block-group-is-layout-constrained\">\n<div class=\"wp-block-group container is-layout-flow wp-block-group-is-layout-flow\">\n<div class=\"wp-block-columns row is-layout-flex wp-block-columns-is-layout-flex\">\n<div class=\"wp-block-column col-12 is-layout-flow wp-block-column-is-layout-flow\"><nav aria-label=\"breadcrumbs\" class=\"rank-math-breadcrumb\"><p><span class=\"last\">Home<\/span><\/p><\/nav>\n<\/div>\n<\/div>\n<\/div>\n<\/section>\n\n\n\n<section class=\"wp-block-group default-text is-layout-constrained wp-block-group-is-layout-constrained\">\n<div class=\"wp-block-group container is-layout-flow wp-block-group-is-layout-flow\">\n<div class=\"wp-block-columns row is-layout-flex wp-block-columns-is-layout-flex\">\n<div class=\"wp-block-column col-12 col-lg-9 is-layout-flow wp-block-column-is-layout-flow\">\n<h2 class=\"wp-block-heading headline\">AXIANS ICT Austria GmbH<\/h2>\n\n\n\n<p>Hafenstra\u00dfe 2a<br>4020 Linz<br>Tel.: +43 517 150<br>E-mail: <a>office@axians.at<\/a><\/p>\n\n\n\n<p>Broj upisa u sudski registar: FN 127950m<br>Sud nadle\u017ean za registar: Zemaljski sud Linz<\/p>\n\n\n\n<p>PDV broj: ATU37517004<\/p>\n\n\n\n<p>Djelatnost poduze\u0107a: IT usluge<\/p>\n\n\n\n<p><strong>Direktori:<\/strong><\/p>\n\n\n\n<p>Bernhard Leitner<br>Ing. Andreas Weigl<br>Arnold Lerchbaumer<br>Markus Morell<\/p>\n\n\n\n<p><strong>Bankovni ra\u010duni:<\/strong><\/p>\n\n\n\n<p><strong>Bank Austria<\/strong><br>IBAN: AT75 12000 00434151908<br>BIC: BKAUATWW<\/p>\n\n\n\n<p><strong>RLB Ober\u00f6sterreich<\/strong><br>IBAN: AT74 34000 00002638500<br>BIC: RZOOAT2L <\/p>\n\n\n\n<p><strong>\u010clanstvo u komori:<\/strong><\/p>\n\n\n\n<p>Gospodarska komora Gornje Austrije (WKO Ober\u00f6sterreich),<br>Strukovna grupa za poslovno savjetovanje i informacijsku tehnologiju<\/p>\n\n\n\n<p><strong>Primjenjivi pravni propisi:<\/strong><\/p>\n\n\n\n<p>GewO (<a href=\"https:\/\/www.ris.bka.gv.at\/\" target=\"_blank\" rel=\"noopener\">https:\/\/www.ris.bka.gv.at\/<\/a>)<\/p>\n\n\n\n<p><strong>Povezana dru\u0161tva (struktura vlasni\u0161tva):<\/strong><\/p>\n\n\n\n<p>VINCI S.A. (Francuska) (99 % neizravno)<br>VINCI Energies S.A. (Francuska) (100 % neizravno)<br>VINCI Energies International East GmbH (Austrija) (100 % neizravno)<br>AICTA Holding GmbH (Austrija) (100 % izravno)<\/p>\n\n\n\n<p><strong>\u010clanovi nadzornog odbora:<\/strong><\/p>\n\n\n\n<p>Jens Beier (predsjednik)<br>J\u00fcrgen Vollmert (zamjenik predsjednika)<br>Carmen De la Cruz B\u00f6hringer (\u010dlan)<\/p>\n\n\n\n<p><strong>Ure\u0111iva\u010dka politika:<\/strong><\/p>\n\n\n\n<p>Informacije o razvoju, uslugama i proizvodima iz podru\u010dja IT-a i telekomunikacija.<\/p>\n\n\n\n<p><strong>Vlasnik medija:<\/strong><\/p>\n\n\n\n<p>AXIANS ICT Austria GmbH<br>Hafenstra\u00dfe 2a<br>4020 Linz, Austrija<br>Tel.: +43 (0)517 150<br><a>office@axians.at<\/a><\/p>\n\n\n\n<p><\/p>\n\n\n\n<p><strong>Koncept, dizajn i programiranje<\/strong><\/p>\n\n\n\n<p>teufels GmbH<br>Neckartal 172<br>78628 Rottweil<\/p>\n\n\n\n<p><a href=\"mailto:info@teufels.com\" rel=\"noreferrer noopener\" target=\"_blank\">info@teufels.com<\/a><br><a href=\"https:\/\/teufels.com\/?utm_source=website&amp;utm_medium=footer&amp;utm_campaign=customer\" rel=\"noreferrer noopener\" target=\"_blank\">teufels.com<\/a><\/p>\n\n\n\n<p><strong>Uvjeti kori\u0161tenja<\/strong><\/p>\n\n\n\n<p>Kori\u0161tenjem ove web-stranice sla\u017eete se s ovim uvjetima kori\u0161tenja i odri\u010dete se svih potra\u017eivanja protiv tvrtke AXIANS ICT Austria GmbH, njezinih povezanih dioni\u010dara i zaposlenika. Ovo se odnosi na sva potra\u017eivanja koja mogu proiza\u0107i iz kori\u0161tenja ove web-stranice ili dokumenata, informacija, mi\u0161ljenja, preporuka ili drugog sadr\u017eaja koji su na njoj dostupni.<\/p>\n\n\n\n<p><strong>Ograni\u010denje odgovornosti<\/strong><\/p>\n\n\n\n<p>Ni tvrtka AXIANS ICT Austria GmbH ni bilo koja druga tre\u0107a strana navedena na ovoj web-stranici ne prihva\u0107aju nikakvu odgovornost za \u0161tetu (posebno onu koja proizlazi iz izgubljene dobiti, gubitka podataka ili prekida poslovanja) koja nastane izravno ili neizravno zbog kori\u0161tenja ove web-stranice, internetskih ponuda povezanih s ovom stranicom ili informacija ili usluga ponu\u0111enih na tim web-stranicama. Zahtjevi se ne mogu podnijeti na temelju jamstva ili ugovornog prava, niti na temelju protupravne radnje ili bilo kojeg drugog pravnog osnova. Ovo se tako\u0111er odnosi i na slu\u010daj da je AXIANS ICT Austria GmbH unaprijed bila svjesna mogu\u0107eg nastanka \u0161tete.<\/p>\n\n\n\n<p><strong>Nema odgovornosti za to\u010dnost informacija<\/strong><\/p>\n\n\n\n<p>Informacije pru\u017eene na ovoj web stranici slu\u017ee isklju\u010divo u informativne svrhe. Sadr\u017eaj ove web stranice sastavljen je s najve\u0107om pa\u017enjom kako bi u trenutku objave bio to\u010dan. AXIANS ICT Austria GmbH nastoji a\u017eurirati informacije, ali ne jam\u010di njihovu to\u010dnost, potpunost ili a\u017eurnost.<\/p>\n\n\n\n<p><strong>\u017digovi i autorska prava<\/strong><\/p>\n\n\n\n<p>Sadr\u017eaj dostupan na ovoj web-stranici, osobito uredni\u010dki sadr\u017eaj i informativni tekstovi, fotografije, ilustracije, grafike i drugi grafi\u010dki materijali, kao i nazivi, logotipi, za\u0161titni znakovi i \u017eigovi, vlasni\u0161tvo su tvrtke AXIANS ICT Austria GmbH ili odgovaraju\u0107ih nositelja prava te su za\u0161ti\u0107eni zakonom o autorskim pravima, zakonom o za\u0161titnim znakovima ili drugim pravima intelektualnog vlasni\u0161tva. Osim ako nije druga\u010dije navedeno, uporaba i ispis cjelokupnog sadr\u017eaja dopu\u0161teni su isklju\u010divo za osobnu, nekomercijalnu uporabu. Reprodukcija, reprodukcija ili distribucija, kao i prodaja, objava, prijenos ili otkrivanje sadr\u017eaja tre\u0107im stranama zahtijevaju prethodnu pisanu suglasnost tvrtke AXIANS ICT Austria GmbH.<\/p>\n\n\n\n<p><strong>Upotreba podataka pri registraciji i ocjenjivanju biltena<\/strong><\/p>\n\n\n\n<p>Kao pretplatnik primat \u0107ete Axians ICT Austria bilten nekoliko puta godi\u0161nje. To \u0107e vas ne samo dr\u017eati u toku s najnovijim vijestima, ve\u0107 \u0107e vam pru\u017eiti i \u0161irok raspon informacija o:<\/p>\n\n\n\n<ul class=\"wp-block-list\">\n<li>Pri\u010de o uspjehu i rje\u0161enja<\/li>\n\n\n\n<li>Proizvodi i usluge<\/li>\n\n\n\n<li>O tvrtki Axians i tehni\u010dkoj stru\u010dnosti<\/li>\n\n\n\n<li>Trendovi i vijesti<\/li>\n\n\n\n<li>Doga\u0111aji, sajmovi i sve\u010danosti<\/li>\n\n\n\n<li>Ankete i rezultati<\/li>\n<\/ul>\n\n\n\n<p>Kako bismo osigurali da je na\u0161 bilten prilago\u0111en va\u0161im interesima i pru\u017ea vam relevantne informacije, prikupljamo podatke o va\u0161oj pojedina\u010dnoj upotrebi biltena. Svi primatelji dobivaju jedinstveni ID i korisni\u010dki kod kako bismo mogli personalizirati sadr\u017eaj (npr. obra\u0107anje, unaprijed popunjen obrazac za registraciju). Prikupljamo sljede\u0107e podatke:<\/p>\n\n\n\n<ul class=\"wp-block-list\">\n<li>Datum i vrijeme slanja primatelju<\/li>\n\n\n\n<li>Datum i vrijeme klikanja na poveznicu te koliko je puta koja poveznica kliknuta<\/li>\n\n\n\n<li>Datum, vrijeme i program e-po\u0161te kori\u0161ten za otvaranje e-po\u0161te (za svakog primatelja)<\/li>\n\n\n\n<li>Preferencije sadr\u017eaja (interesne skupine) pri otvaranju poveznica<\/li>\n\n\n\n<li>Pribli\u017ena lokacija na kojoj je e-po\u0161ta otvorena<\/li>\n\n\n\n<li>Datum i vrijeme prijave na newsletter i izvor (ru\u010dno unesen ili online prijava)<\/li>\n\n\n\n<li>Preferirani format e-po\u0161te<\/li>\n<\/ul>\n\n\n\n<p><strong>Primjenjivo pravo<\/strong><\/p>\n\n\n\n<p>Ovi Uvjeti kori\u0161tenja ure\u0111eni su i tuma\u010de se u skladu sa zakonima Austrije.<\/p>\n<\/div>\n<\/div>\n<\/div>\n<\/section>\n","protected":false},"excerpt":{"rendered":"<p>Pravna napomena AXIANS ICT Austria GmbH Hafenstra\u00dfe 2a4020 LinzTel.: +43 517 150E-mail: office@axians.at Broj upisa u sudski registar: FN 127950mSud nadle\u017ean za registar: Zemaljski sud Linz PDV broj: ATU37517004 Djelatnost poduze\u0107a: IT usluge Direktori: Bernhard LeitnerIng. Andreas WeiglArnold LerchbaumerMarkus Morell Bankovni ra\u010duni: Bank AustriaIBAN: AT75 12000 00434151908BIC: BKAUATWW RLB Ober\u00f6sterreichIBAN: AT74 34000 00002638500BIC: RZOOAT2L \u010clanstvo [&hellip;]<\/p>\n","protected":false},"author":1,"featured_media":0,"parent":0,"menu_order":0,"comment_status":"closed","ping_status":"closed","template":"","meta":{"footnotes":""},"class_list":["post-5635","page","type-page","status-publish","hentry"],"lang":"hr","translations":{"hr":5635,"de":3454,"at":3492,"en":3495},"pll_sync_post":{},"_links":{"self":[{"href":"https:\/\/solutions.axians.com\/sap\/wp-json\/wp\/v2\/pages\/5635","targetHints":{"allow":["GET"]}}],"collection":[{"href":"https:\/\/solutions.axians.com\/sap\/wp-json\/wp\/v2\/pages"}],"about":[{"href":"https:\/\/solutions.axians.com\/sap\/wp-json\/wp\/v2\/types\/page"}],"author":[{"embeddable":true,"href":"https:\/\/solutions.axians.com\/sap\/wp-json\/wp\/v2\/users\/1"}],"replies":[{"embeddable":true,"href":"https:\/\/solutions.axians.com\/sap\/wp-json\/wp\/v2\/comments?post=5635"}],"version-history":[{"count":4,"href":"https:\/\/solutions.axians.com\/sap\/wp-json\/wp\/v2\/pages\/5635\/revisions"}],"predecessor-version":[{"id":7785,"href":"https:\/\/solutions.axians.com\/sap\/wp-json\/wp\/v2\/pages\/5635\/revisions\/7785"}],"wp:attachment":[{"href":"https:\/\/solutions.axians.com\/sap\/wp-json\/wp\/v2\/media?parent=5635"}],"curies":[{"name":"wp","href":"https:\/\/api.w.org\/{rel}","templated":true}]}}