{"id":5563,"date":"2026-03-31T12:24:07","date_gmt":"2026-03-31T11:24:07","guid":{"rendered":"https:\/\/solutions.axians.com\/sap\/?page_id=5563"},"modified":"2026-04-15T11:16:33","modified_gmt":"2026-04-15T10:16:33","slug":"metodologija-projekta","status":"publish","type":"page","link":"https:\/\/solutions.axians.com\/sap\/hr\/sap-usluge\/savjetovanje\/metodologija-projekta\/","title":{"rendered":"Metodologija projekta\u00a0"},"content":{"rendered":"\n<section class=\"wp-block-group stage-subpage is-layout-constrained wp-block-group-is-layout-constrained\">\n<figure class=\"wp-block-image size-large\"><img loading=\"lazy\" decoding=\"async\" width=\"1920\" height=\"512\" src=\"https:\/\/solutions.axians.com\/sap\/wp-content\/uploads\/2025\/08\/iStock-1533495312-1920x512.jpg\" alt=\"\" class=\"wp-image-5562\" style=\"aspect-ratio:21\/9;object-fit:cover\" srcset=\"https:\/\/solutions.axians.com\/sap\/wp-content\/uploads\/2025\/08\/iStock-1533495312-1920x512.jpg 1920w, https:\/\/solutions.axians.com\/sap\/wp-content\/uploads\/2025\/08\/iStock-1533495312-800x213.jpg 800w, https:\/\/solutions.axians.com\/sap\/wp-content\/uploads\/2025\/08\/iStock-1533495312-768x205.jpg 768w, https:\/\/solutions.axians.com\/sap\/wp-content\/uploads\/2025\/08\/iStock-1533495312-1536x410.jpg 1536w, https:\/\/solutions.axians.com\/sap\/wp-content\/uploads\/2025\/08\/iStock-1533495312.jpg 1984w\" sizes=\"auto, (max-width: 1920px) 100vw, 1920px\" \/><\/figure>\n\n\n\n<div class=\"wp-block-group container is-layout-flow wp-block-group-is-layout-flow\">\n<div class=\"wp-block-columns row is-layout-flex wp-block-columns-is-layout-flex\">\n<div class=\"wp-block-column col-12 is-layout-flow wp-block-column-is-layout-flow\">\n<h1 class=\"wp-block-heading headline\">Metodologija stvara sigurnost.&nbsp;<br>Iskustvo donosi brzinu.&nbsp;<\/h1>\n\n\n\n<p>Na\u0161a metoda za uspjeh va\u0161eg projekta&nbsp;<\/p>\n<\/div>\n<\/div>\n<\/div>\n<\/section>\n\n\n\n<section class=\"wp-block-group breadcrumb is-layout-constrained wp-block-group-is-layout-constrained\">\n<div class=\"wp-block-group container is-layout-flow wp-block-group-is-layout-flow\">\n<div class=\"wp-block-columns row is-layout-flex wp-block-columns-is-layout-flex\">\n<div class=\"wp-block-column col-12 is-layout-flow wp-block-column-is-layout-flow\"><nav aria-label=\"breadcrumbs\" class=\"rank-math-breadcrumb\"><p><span class=\"last\">Home<\/span><\/p><\/nav>\n<\/div>\n<\/div>\n<\/div>\n<\/section>\n\n\n\n<section class=\"wp-block-group text-centered-gradient is-layout-constrained wp-block-group-is-layout-constrained\">\n<div class=\"wp-block-group container is-layout-flow wp-block-group-is-layout-flow\">\n<div class=\"wp-block-columns row is-layout-flex wp-block-columns-is-layout-flex\">\n<div class=\"wp-block-column col-12 is-layout-flow wp-block-column-is-layout-flow\">\n<h2 class=\"wp-block-heading headline\">Implementacije softvera \u010desto su pod znatnim vremenskim pritiskom i slo\u017eenim uvjetima. Nedostatak transparentnosti, nejasni ciljevi ili preoptere\u0107eni planovi projekta \u010desto ugro\u017eavaju ishod.&nbsp;<\/h2>\n\n\n\n<p>Na\u0161 pristup: <strong>SAP Activate pristup dopunjen Axiansovom isprobanom i provjerenom metodologijom.<\/strong>&nbsp;<br>To nam omogu\u0107uje stvaranje jasno\u0107e, brzine i odr\u017eivog uspjeha projekta. Bez obzira na to implementirate li SAP S\/4HANA u oblaku, na lokalnom okru\u017eenju ili u hibridnom okru\u017eenju.&nbsp;<\/p>\n<\/div>\n<\/div>\n<\/div>\n<\/section>\n\n\n\n<section class=\"wp-block-group image-text-accordion is-layout-constrained wp-block-group-is-layout-constrained\">\n<div class=\"wp-block-group container is-layout-flow wp-block-group-is-layout-flow\">\n<div class=\"wp-block-columns row is-layout-flex wp-block-columns-is-layout-flex\">\n<div class=\"wp-block-column col-12 is-layout-flow wp-block-column-is-layout-flow\">\n\n\nPokreni i optimiziraj\n      \n        \n          \n        \n      \n      \n        \n      \n      \n        \n      \n      \n      \n      \n      \n      \n        \n      \n      \n\n      <!-- HIER: der Motion-Pfad als PATH (statt circle) -->\n      \n        \n<!-- Bewegter Kreis (ohne eigenes transform) -->\n    \n      \n        <!-- href f\u00fcr moderne Browser, xlink:href als Fallback -->\n        \n      \n    \n      \n\n      \n      RASPOREDI\n      \n        \n        PRIPREMI\n      \n      \n        \n          \n          OTKRIJ\n        \n      \n      \n        \n        OSTVARITE\n      \n      \n        \n          \n          ISTRA\u017dI\n<\/div>\n\n\n\n<div class=\"wp-block-column col-12 is-layout-flow wp-block-column-is-layout-flow\">\n<h2 class=\"wp-block-heading headline\">Na\u0161 pristup po mjeri za va\u0161u maksimalnu u\u010dinkovitost.&nbsp;<\/h2>\n\n\n\n<p>Axians kombinira <strong>SAP Activate<\/strong> s <strong>najboljim praksama iz brojnih projekata za klijente<\/strong> i stru\u010dno\u0161\u0107u specifi\u010dnom za industriju, sve prilago\u0111eno va\u0161im ciljevima i timovima.&nbsp;<\/p>\n\n\n\n<p>Time zajedno prolazimo kroz jasno definirane faze:&nbsp;<\/p>\n\n\n\n<div class=\"wp-block-teufels-accordion accordion\" id=\"accordion-8fc5e48b-3b72-4d37-ba0f-b7c7d97d8b3f\">\n<div class=\"wp-block-teufels-accordion-item accordion-item\"><h2 class=\"accordion-header\" id=\"heading-abf3e234-d26a-4841-ba23-8aa90a4d2a67\"><button class=\"accordion-button collapsed\" data-bs-toggle=\"collapse\" data-bs-target=\"#collapse-abf3e234-d26a-4841-ba23-8aa90a4d2a67\" aria-expanded=\"false\" aria-control=\"collapse-abf3e234-d26a-4841-ba23-8aa90a4d2a67\">Upoznavanje sustava<\/button><\/h2><div id=\"collapse-abf3e234-d26a-4841-ba23-8aa90a4d2a67\" class=\"accordion-collapse collapse\" aria-labelledby=\"heading-abf3e234-d26a-4841-ba23-8aa90a4d2a67\" data-bs-parent=\"#accordion-8fc5e48b-3b72-4d37-ba0f-b7c7d97d8b3f\"><div class=\"accordion-body\">\n<p>Zajedno postavljamo temelje&nbsp;<\/p>\n\n\n\n<ul class=\"wp-block-list\">\n<li>Analiza va\u0161e po\u010detne situacije i strate\u0161kih ciljeva <\/li>\n\n\n\n<li>Po\u010detna skeniranja procesa i sustava <\/li>\n\n\n\n<li>Pomo\u0107 pri dono\u0161enju odluka o opcijama implementacije (npr. javni oblak vs. privatni oblak) <\/li>\n<\/ul>\n\n\n\n<p><br><strong>Rje\u0161enje:<\/strong> SAP DPA Tool<\/p>\n<\/div><\/div><\/div>\n\n\n\n<div class=\"wp-block-teufels-accordion-item accordion-item\"><h2 class=\"accordion-header\" id=\"heading-7ada4a19-9b22-4ec5-9f52-b40d5f1ced41\"><button class=\"accordion-button collapsed\" data-bs-toggle=\"collapse\" data-bs-target=\"#collapse-7ada4a19-9b22-4ec5-9f52-b40d5f1ced41\" aria-expanded=\"false\" aria-control=\"collapse-7ada4a19-9b22-4ec5-9f52-b40d5f1ced41\">Priprema\u00a0<\/button><\/h2><div id=\"collapse-7ada4a19-9b22-4ec5-9f52-b40d5f1ced41\" class=\"accordion-collapse collapse\" aria-labelledby=\"heading-7ada4a19-9b22-4ec5-9f52-b40d5f1ced41\" data-bs-parent=\"#accordion-8fc5e48b-3b72-4d37-ba0f-b7c7d97d8b3f\"><div class=\"accordion-body\">\n<p><strong>Stvaramo osnovu projekta<\/strong>&nbsp;<\/p>\n\n\n\n<ul class=\"wp-block-list\">\n<li>Strukture planiranja i upravljanja projektom <\/li>\n\n\n\n<li>Postavljanje alata, timova i uloga <\/li>\n\n\n\n<li>Uvod u SAP najbolje prakse <\/li>\n<\/ul>\n\n\n\n<p><br><strong>Rje\u0161enje:<\/strong> Signavio Process Navigator<\/p>\n<\/div><\/div><\/div>\n\n\n\n<div class=\"wp-block-teufels-accordion-item accordion-item\"><h2 class=\"accordion-header\" id=\"heading-6f4db564-450b-40d9-b781-a8723ee34555\"><button class=\"accordion-button collapsed\" data-bs-toggle=\"collapse\" data-bs-target=\"#collapse-6f4db564-450b-40d9-b781-a8723ee34555\" aria-expanded=\"false\" aria-control=\"collapse-6f4db564-450b-40d9-b781-a8723ee34555\">Istra\u017eivanje\u00a0<\/button><\/h2><div id=\"collapse-6f4db564-450b-40d9-b781-a8723ee34555\" class=\"accordion-collapse collapse\" aria-labelledby=\"heading-6f4db564-450b-40d9-b781-a8723ee34555\" data-bs-parent=\"#accordion-8fc5e48b-3b72-4d37-ba0f-b7c7d97d8b3f\"><div class=\"accordion-body\">\n<p><strong>Fokusiramo se na procese i potencijal.<\/strong>&nbsp;<\/p>\n\n\n\n<ul class=\"wp-block-list\">\n<li>Radionice prilago\u0111ene standardu umjesto tradicionalnih specifikacija <\/li>\n\n\n\n<li>Identificirajte praznine i provjerite rje\u0161enja <\/li>\n\n\n\n<li>Kori\u0161tenje unaprijed konfiguriranih SAP procesa  <\/li>\n<\/ul>\n\n\n\n<p><br><strong>Rje\u0161enje:<\/strong> Cloud ALM<\/p>\n<\/div><\/div><\/div>\n\n\n\n<div class=\"wp-block-teufels-accordion-item accordion-item\"><h2 class=\"accordion-header\" id=\"heading-38e0dcb3-e581-4d13-8b8b-6d5580de88bb\"><button class=\"accordion-button collapsed\" data-bs-toggle=\"collapse\" data-bs-target=\"#collapse-38e0dcb3-e581-4d13-8b8b-6d5580de88bb\" aria-expanded=\"false\" aria-control=\"collapse-38e0dcb3-e581-4d13-8b8b-6d5580de88bb\">Realizacija\u00a0<\/button><\/h2><div id=\"collapse-38e0dcb3-e581-4d13-8b8b-6d5580de88bb\" class=\"accordion-collapse collapse\" aria-labelledby=\"heading-38e0dcb3-e581-4d13-8b8b-6d5580de88bb\" data-bs-parent=\"#accordion-8fc5e48b-3b72-4d37-ba0f-b7c7d97d8b3f\"><div class=\"accordion-body\">\n<p><strong>Implementiramo iterativno i transparentno.<\/strong>&nbsp;<\/p>\n\n\n\n<ul class=\"wp-block-list\">\n<li>Implementacija i konfiguracija temeljena na Sprintu <\/li>\n\n\n\n<li>Rano testiranje s pravim podacima <\/li>\n\n\n\n<li>Upravljanje promjenama i uklju\u010denost klju\u010dnih korisnika <\/li>\n<\/ul>\n\n\n\n<p><br><strong>Rje\u0161enje:<\/strong> Poslovna konfiguracija<\/p>\n<\/div><\/div><\/div>\n\n\n\n<div class=\"wp-block-teufels-accordion-item accordion-item\"><h2 class=\"accordion-header\" id=\"heading-08ccac0a-501b-4adf-9754-1a4fcaf9201c\"><button class=\"accordion-button collapsed\" data-bs-toggle=\"collapse\" data-bs-target=\"#collapse-08ccac0a-501b-4adf-9754-1a4fcaf9201c\" aria-expanded=\"false\" aria-control=\"collapse-08ccac0a-501b-4adf-9754-1a4fcaf9201c\">Implementacija\u00a0<\/button><\/h2><div id=\"collapse-08ccac0a-501b-4adf-9754-1a4fcaf9201c\" class=\"accordion-collapse collapse\" aria-labelledby=\"heading-08ccac0a-501b-4adf-9754-1a4fcaf9201c\" data-bs-parent=\"#accordion-8fc5e48b-3b72-4d37-ba0f-b7c7d97d8b3f\"><div class=\"accordion-body\">\n<p><strong>Donosimo vam vijesti u\u017eivo na siguran na\u010din.<\/strong>&nbsp;<\/p>\n\n\n\n<ul class=\"wp-block-list\">\n<li>Planiranje migracije podataka i prelaska <\/li>\n\n\n\n<li>Obuka i podr\u0161ka pri pu\u0161tanju u rad <\/li>\n\n\n\n<li>Hipercare i predaja operacijama <\/li>\n<\/ul>\n\n\n\n<p><br><strong>Rje\u0161enje:<\/strong> SAP za mene<\/p>\n<\/div><\/div><\/div>\n\n\n\n<div class=\"wp-block-teufels-accordion-item accordion-item\"><h2 class=\"accordion-header\" id=\"heading-cf1bbcd3-08c8-435f-9098-f6aab3f48c1e\"><button class=\"accordion-button collapsed\" data-bs-toggle=\"collapse\" data-bs-target=\"#collapse-cf1bbcd3-08c8-435f-9098-f6aab3f48c1e\" aria-expanded=\"false\" aria-control=\"collapse-cf1bbcd3-08c8-435f-9098-f6aab3f48c1e\">Pokretanje i optimizacija<\/button><\/h2><div id=\"collapse-cf1bbcd3-08c8-435f-9098-f6aab3f48c1e\" class=\"accordion-collapse collapse\" aria-labelledby=\"heading-cf1bbcd3-08c8-435f-9098-f6aab3f48c1e\" data-bs-parent=\"#accordion-8fc5e48b-3b72-4d37-ba0f-b7c7d97d8b3f\"><div class=\"accordion-body\">\n<p><strong>Razmi\u0161ljamo unaprijed<\/strong>&nbsp;<\/p>\n\n\n\n<ul class=\"wp-block-list\">\n<li>Operativna podr\u0161ka i kontinuirano pobolj\u0161anje <\/li>\n\n\n\n<li>Omogu\u0107avanje va\u0161ih IT i specijalisti\u010dkih odjela <\/li>\n\n\n\n<li>Pro\u0161irenje i integracija novih funkcionalnosti <\/li>\n<\/ul>\n<\/div><\/div><\/div>\n<\/div>\n\n\n\n<p><\/p>\n\n\n\n<div class=\"wp-block-buttons is-layout-flex wp-block-buttons-is-layout-flex\">\n<div class=\"wp-block-button is-style-primary\"><a class=\"wp-block-button__link wp-element-button\" href=\"https:\/\/solutions.axians.com\/sap\/hr\/sap-usluge\/\">Sve Axians usluge<\/a><\/div>\n<\/div>\n<\/div>\n<\/div>\n<\/div>\n<\/section>\n\n\n\n<section class=\"wp-block-group headline-text-slider-icon-text is-layout-constrained wp-block-group-is-layout-constrained\">\n<div class=\"wp-block-group container is-layout-flow wp-block-group-is-layout-flow\">\n<div class=\"wp-block-columns row is-layout-flex wp-block-columns-is-layout-flex\">\n<div class=\"wp-block-column col-12 is-layout-flow wp-block-column-is-layout-flow\">\n<h2 class=\"wp-block-heading headline\">Axians kao va\u0161 pouzdan partner&nbsp;<\/h2>\n\n\n\n<p><\/p>\n\n\n\n<div class=\"wp-block-group slider-icon-text swiper is-layout-flow wp-block-group-is-layout-flow\">\n<div class=\"wp-block-group swiper-wrapper is-layout-flow wp-block-group-is-layout-flow\">\n<div class=\"wp-block-group swiper-slide is-layout-flow wp-block-group-is-layout-flow\">\n\n\n<h3 class=\"wp-block-heading headline\">Prakti\u010dno SAP znanje s brojnim projektima za klijente&nbsp;<\/h3>\n\n\n\n<p><\/p>\n<\/div>\n\n\n\n<div class=\"wp-block-group swiper-slide is-layout-flow wp-block-group-is-layout-flow\">\n\n\n<h3 class=\"wp-block-heading headline\">Iskustvo u slo\u017eenim industrijskim procesima&nbsp;<\/h3>\n\n\n\n<p><\/p>\n<\/div>\n\n\n\n<div class=\"wp-block-group swiper-slide is-layout-flow wp-block-group-is-layout-flow\">\n\n\n<h3 class=\"wp-block-heading headline\">Bliska suradnja sa SAP-om i kontinuirane inovacije&nbsp;<\/h3>\n\n\n\n<p><\/p>\n<\/div>\n\n\n\n<div class=\"wp-block-group swiper-slide is-layout-flow wp-block-group-is-layout-flow\">\n\n\n<h3 class=\"wp-block-heading headline\">Strukturirano i agilno, za maksimalnu fleksibilnost&nbsp;<\/h3>\n\n\n\n<p><\/p>\n<\/div>\n\n\n\n<div class=\"wp-block-group swiper-slide is-layout-flow wp-block-group-is-layout-flow\">\n\n\n<h3 class=\"wp-block-heading headline\">Globalna mre\u017ea, lokalna prisutnost&nbsp;&nbsp;<\/h3>\n\n\n\n<p><\/p>\n<\/div>\n<\/div>\n<\/div>\n<\/div>\n<\/div>\n<\/div>\n<\/section>\n\n\n\n<section id=\"kontakt\" class=\"wp-block-group contactperson is-layout-constrained wp-block-group-is-layout-constrained\">\n<div class=\"wp-block-group container is-layout-flow wp-block-group-is-layout-flow\">\n<div class=\"wp-block-columns row is-layout-flex wp-block-columns-is-layout-flex\">\n<div class=\"wp-block-column col-12 is-layout-flow wp-block-column-is-layout-flow\">\n<h2 class=\"wp-block-heading headline\">\u0160to mo\u017eemo u\u010diniti za vas?<\/h2>\n<\/div>\n\n\n\n<div class=\"wp-block-column col-12 is-layout-flow wp-block-column-is-layout-flow\">\n<figure class=\"wp-block-image size-full\"><img loading=\"lazy\" decoding=\"async\" width=\"1441\" height=\"1858\" src=\"https:\/\/solutions.axians.com\/sap\/wp-content\/uploads\/2026\/03\/Maja-Hleb-2.jpg\" alt=\"Maja Hleb\" class=\"wp-image-6456\" style=\"aspect-ratio:1;object-fit:cover\" srcset=\"https:\/\/solutions.axians.com\/sap\/wp-content\/uploads\/2026\/03\/Maja-Hleb-2.jpg 1441w, https:\/\/solutions.axians.com\/sap\/wp-content\/uploads\/2026\/03\/Maja-Hleb-2-620x800.jpg 620w, https:\/\/solutions.axians.com\/sap\/wp-content\/uploads\/2026\/03\/Maja-Hleb-2-768x990.jpg 768w, https:\/\/solutions.axians.com\/sap\/wp-content\/uploads\/2026\/03\/Maja-Hleb-2-1191x1536.jpg 1191w\" sizes=\"auto, (max-width: 1441px) 100vw, 1441px\" \/><\/figure>\n<\/div>\n\n\n\n<div class=\"wp-block-column col-12 is-layout-flow wp-block-column-is-layout-flow\">\n<h3 class=\"wp-block-heading headline\">Maja Hleb<\/h3>\n\n\n\n<p class=\"section-headline\">SAP Sales Representative<\/p>\n\n\n\n<div class=\"wp-block-group social is-layout-flow wp-block-group-is-layout-flow\">\n<figure class=\"wp-block-image size-full\"><a class=\"https:\/\/www.linkedin.com\/in\/michael-scharff\/\" href=\"https:\/\/www.linkedin.com\/in\/maja-hleb-562951101\/\" target=\"_blank\" rel=\" noreferrer noopener\"><img decoding=\"async\" src=\"\/sap\/wp-content\/uploads\/2025\/06\/icon-linkedin.svg\" alt=\"logo\"\/><\/a><\/figure>\n\n\n\n<figure class=\"wp-block-image size-full\"><a href=\"tel:+385 91 460 3066\"><img decoding=\"async\" src=\"https:\/\/solutions.axians.com\/sap\/wp-content\/uploads\/2025\/09\/phone-icon-contact.svg\" alt=\"\" class=\"wp-image-5406\"\/><\/a><\/figure>\n<\/div>\n\n\n\n<div class=\"wp-block-buttons is-layout-flex wp-block-buttons-is-layout-flex\">\n<div class=\"wp-block-button is-style-primary\"><a class=\"wp-block-button__link wp-element-button\" href=\"https:\/\/meetings-eu1.hubspot.com\/maja-hleb?uuid=4619c942-4289-4176-a824-d2431bd4aae0\" target=\"_blank\" rel=\"noopener\">Rezervirajte termin sada<\/a><\/div>\n<\/div>\n\n\n<\/div>\n<\/div>\n<\/div>\n<\/section>\n","protected":false},"excerpt":{"rendered":"<p>Metodologija stvara sigurnost.&nbsp;Iskustvo donosi brzinu.&nbsp; Na\u0161a metoda za uspjeh va\u0161eg projekta&nbsp; Implementacije softvera \u010desto su pod znatnim vremenskim pritiskom i slo\u017eenim uvjetima. Nedostatak transparentnosti, nejasni ciljevi ili preoptere\u0107eni planovi projekta \u010desto ugro\u017eavaju ishod.&nbsp; Na\u0161 pristup: SAP Activate pristup dopunjen Axiansovom isprobanom i provjerenom metodologijom.&nbsp;To nam omogu\u0107uje stvaranje jasno\u0107e, brzine i odr\u017eivog uspjeha projekta. Bez obzira [&hellip;]<\/p>\n","protected":false},"author":1,"featured_media":0,"parent":5557,"menu_order":0,"comment_status":"closed","ping_status":"closed","template":"","meta":{"footnotes":""},"class_list":["post-5563","page","type-page","status-publish","hentry"],"lang":"hr","translations":{"hr":5563,"de":203,"at":2908,"en":4617},"pll_sync_post":{},"_links":{"self":[{"href":"https:\/\/solutions.axians.com\/sap\/wp-json\/wp\/v2\/pages\/5563","targetHints":{"allow":["GET"]}}],"collection":[{"href":"https:\/\/solutions.axians.com\/sap\/wp-json\/wp\/v2\/pages"}],"about":[{"href":"https:\/\/solutions.axians.com\/sap\/wp-json\/wp\/v2\/types\/page"}],"author":[{"embeddable":true,"href":"https:\/\/solutions.axians.com\/sap\/wp-json\/wp\/v2\/users\/1"}],"replies":[{"embeddable":true,"href":"https:\/\/solutions.axians.com\/sap\/wp-json\/wp\/v2\/comments?post=5563"}],"version-history":[{"count":7,"href":"https:\/\/solutions.axians.com\/sap\/wp-json\/wp\/v2\/pages\/5563\/revisions"}],"predecessor-version":[{"id":7995,"href":"https:\/\/solutions.axians.com\/sap\/wp-json\/wp\/v2\/pages\/5563\/revisions\/7995"}],"up":[{"embeddable":true,"href":"https:\/\/solutions.axians.com\/sap\/wp-json\/wp\/v2\/pages\/5557"}],"wp:attachment":[{"href":"https:\/\/solutions.axians.com\/sap\/wp-json\/wp\/v2\/media?parent=5563"}],"curies":[{"name":"wp","href":"https:\/\/api.w.org\/{rel}","templated":true}]}}