{"id":4545,"date":"2025-12-19T12:15:44","date_gmt":"2025-12-19T12:15:44","guid":{"rendered":"https:\/\/solutions.axians.com\/sap\/?page_id=4545"},"modified":"2025-12-19T12:15:44","modified_gmt":"2025-12-19T12:15:44","slug":"spot-consulting","status":"publish","type":"page","link":"https:\/\/solutions.axians.com\/sap\/de\/sap-services\/spot-consulting\/","title":{"rendered":"Spot-Consulting\u00a0"},"content":{"rendered":"\n<section class=\"wp-block-group stage-subpage is-layout-constrained wp-block-group-is-layout-constrained\">\n<figure class=\"wp-block-image size-full\"><img loading=\"lazy\" decoding=\"async\" width=\"2000\" height=\"1184\" src=\"https:\/\/solutions.axians.com\/sap\/wp-content\/uploads\/2025\/09\/Axians_Vicenza-7.jpg\" alt=\"\" class=\"wp-image-1592\" style=\"aspect-ratio:21\/9;object-fit:cover\" srcset=\"https:\/\/solutions.axians.com\/sap\/wp-content\/uploads\/2025\/09\/Axians_Vicenza-7.jpg 2000w, https:\/\/solutions.axians.com\/sap\/wp-content\/uploads\/2025\/09\/Axians_Vicenza-7-800x474.jpg 800w, https:\/\/solutions.axians.com\/sap\/wp-content\/uploads\/2025\/09\/Axians_Vicenza-7-1920x1137.jpg 1920w, https:\/\/solutions.axians.com\/sap\/wp-content\/uploads\/2025\/09\/Axians_Vicenza-7-768x455.jpg 768w, https:\/\/solutions.axians.com\/sap\/wp-content\/uploads\/2025\/09\/Axians_Vicenza-7-1536x909.jpg 1536w\" sizes=\"auto, (max-width: 2000px) 100vw, 2000px\" \/><\/figure>\n\n\n\n<div class=\"wp-block-group container is-layout-flow wp-block-group-is-layout-flow\">\n<div class=\"wp-block-columns row is-layout-flex wp-block-columns-is-layout-flex\">\n<div class=\"wp-block-column col-12 is-layout-flow wp-block-column-is-layout-flow\">\n<h1 class=\"wp-block-heading headline\">Spot-Consulting \u2013 SAP-Expertise auf Abruf&nbsp;<\/h1>\n\n\n\n<p>Wenn SAP-Know-how punktuell gefragt ist, braucht es flexible Unterst\u00fctzung ohne lange Anlaufzeiten.&nbsp;<\/p>\n<\/div>\n<\/div>\n<\/div>\n<\/section>\n\n\n\n<section class=\"wp-block-group breadcrumb is-layout-constrained wp-block-group-is-layout-constrained\">\n<div class=\"wp-block-group container is-layout-flow wp-block-group-is-layout-flow\">\n<div class=\"wp-block-columns row is-layout-flex wp-block-columns-is-layout-flex\">\n<div class=\"wp-block-column col-12 is-layout-flow wp-block-column-is-layout-flow\"><nav aria-label=\"breadcrumbs\" class=\"rank-math-breadcrumb\"><p><span class=\"last\">Home<\/span><\/p><\/nav>\n<\/div>\n<\/div>\n<\/div>\n<\/section>\n\n\n\n<section class=\"wp-block-group text-centered-gradient is-layout-constrained wp-block-group-is-layout-constrained\">\n<div class=\"wp-block-group container is-layout-flow wp-block-group-is-layout-flow\">\n<div class=\"wp-block-columns row is-layout-flex wp-block-columns-is-layout-flex\">\n<div class=\"wp-block-column col-12 is-layout-flow wp-block-column-is-layout-flow\">\n<h2 class=\"wp-block-heading headline\">Mit unserem Spot-Consulting stellen wir Ihnen erfahrene SAP-Spezialisten zur Seite \u2013 f\u00fcr genau definierte Aufgaben, kurzfristige Kapazit\u00e4tsengp\u00e4sse oder spezifische Technologiethemen. Unabh\u00e4ngig vom Projektgesch\u00e4ft, eingebettet in Ihre Strukturen.&nbsp;<\/h2>\n\n\n\n<p><\/p>\n<\/div>\n<\/div>\n<\/div>\n<\/section>\n\n\n\n<section class=\"wp-block-group quote is-layout-constrained wp-block-group-is-layout-constrained\">\n<div class=\"wp-block-group container is-layout-flow wp-block-group-is-layout-flow\">\n<div class=\"wp-block-columns row is-layout-flex wp-block-columns-is-layout-flex\">\n<div class=\"wp-block-column col-12 col-lg-9 is-layout-flow wp-block-column-is-layout-flow\">\n<div class=\"wp-block-group is-layout-flow wp-block-group-is-layout-flow\">\n<blockquote class=\"wp-block-quote is-layout-flow wp-block-quote-is-layout-flow\">\n<p>\u201eGezielte Unterst\u00fctzung, technologische Tiefe, keine langen Abstimmungswege \u2013 daf\u00fcr steht unser Spot-Consulting.\u201c&nbsp;<\/p>\n<\/blockquote>\n\n\n\n<p><\/p>\n<\/div>\n<\/div>\n<\/div>\n<\/div>\n<\/section>\n\n\n\n<section class=\"wp-block-group image-text-accordion is-layout-constrained wp-block-group-is-layout-constrained\">\n<div class=\"wp-block-group container is-layout-flow wp-block-group-is-layout-flow\">\n<div class=\"wp-block-columns row is-layout-flex wp-block-columns-is-layout-flex\">\n<div class=\"wp-block-column col-12 is-layout-flow wp-block-column-is-layout-flow\">\n<figure class=\"wp-block-image size-full\"><img loading=\"lazy\" decoding=\"async\" width=\"2560\" height=\"1441\" src=\"https:\/\/solutions.axians.com\/sap\/wp-content\/uploads\/2025\/08\/DSC4519-2-scaled.jpg\" alt=\"\" class=\"wp-image-1105\" style=\"aspect-ratio:4\/3;object-fit:cover\" srcset=\"https:\/\/solutions.axians.com\/sap\/wp-content\/uploads\/2025\/08\/DSC4519-2-scaled.jpg 2560w, https:\/\/solutions.axians.com\/sap\/wp-content\/uploads\/2025\/08\/DSC4519-2-800x450.jpg 800w, https:\/\/solutions.axians.com\/sap\/wp-content\/uploads\/2025\/08\/DSC4519-2-1920x1081.jpg 1920w, https:\/\/solutions.axians.com\/sap\/wp-content\/uploads\/2025\/08\/DSC4519-2-768x432.jpg 768w, https:\/\/solutions.axians.com\/sap\/wp-content\/uploads\/2025\/08\/DSC4519-2-1536x864.jpg 1536w, https:\/\/solutions.axians.com\/sap\/wp-content\/uploads\/2025\/08\/DSC4519-2-2048x1153.jpg 2048w\" sizes=\"auto, (max-width: 2560px) 100vw, 2560px\" \/><\/figure>\n<\/div>\n\n\n\n<div class=\"wp-block-column col-12 is-layout-flow wp-block-column-is-layout-flow\">\n<h2 class=\"wp-block-heading headline\">Einsatzbereiche unseres Spot-Consultings&nbsp;<\/h2>\n\n\n\n<p>Unsere Experten unterst\u00fctzen Sie&nbsp;<strong>hands-on, remote oder vor Ort<\/strong>, in Linienfunktionen oder projektbegleitend \u2013 je nach Bedarf. Typische Einsatzfelder:&nbsp;<\/p>\n\n\n\n<div class=\"wp-block-teufels-accordion accordion\" id=\"accordion-956ba34d-6563-4f7f-9ff4-d5aead003236\">\n<div class=\"wp-block-teufels-accordion-item accordion-item\"><h2 class=\"accordion-header\" id=\"heading-5f5f9193-954c-4058-890f-ff14c8de464c\"><button class=\"accordion-button collapsed\" data-bs-toggle=\"collapse\" data-bs-target=\"#collapse-5f5f9193-954c-4058-890f-ff14c8de464c\" aria-expanded=\"false\" aria-control=\"collapse-5f5f9193-954c-4058-890f-ff14c8de464c\">Module<\/button><\/h2><div id=\"collapse-5f5f9193-954c-4058-890f-ff14c8de464c\" class=\"accordion-collapse collapse\" aria-labelledby=\"heading-5f5f9193-954c-4058-890f-ff14c8de464c\" data-bs-parent=\"#accordion-956ba34d-6563-4f7f-9ff4-d5aead003236\"><div class=\"accordion-body\">\n<ul class=\"wp-block-list\">\n<li><strong>FICO<\/strong>&nbsp;<\/li>\n<\/ul>\n\n\n\n<ul class=\"wp-block-list\">\n<li><strong>Logistic<\/strong><\/li>\n<\/ul>\n\n\n\n<ul class=\"wp-block-list\">\n<li><strong>HCM<\/strong><\/li>\n<\/ul>\n\n\n\n<ul class=\"wp-block-list\">\n<li><strong>Sales<\/strong>&nbsp;<\/li>\n<\/ul>\n\n\n\n<ul class=\"wp-block-list\">\n<li><strong>Service<\/strong><\/li>\n<\/ul>\n\n\n\n<ul class=\"wp-block-list\">\n<li><strong>BI<\/strong><\/li>\n<\/ul>\n<\/div><\/div><\/div>\n\n\n\n<div class=\"wp-block-teufels-accordion-item accordion-item\"><h2 class=\"accordion-header\" id=\"heading-31089912-6fe6-4eb6-9673-0af7d2853298\"><button class=\"accordion-button collapsed\" data-bs-toggle=\"collapse\" data-bs-target=\"#collapse-31089912-6fe6-4eb6-9673-0af7d2853298\" aria-expanded=\"false\" aria-control=\"collapse-31089912-6fe6-4eb6-9673-0af7d2853298\">SAP Business Technology Platform (BTP)<\/button><\/h2><div id=\"collapse-31089912-6fe6-4eb6-9673-0af7d2853298\" class=\"accordion-collapse collapse\" aria-labelledby=\"heading-31089912-6fe6-4eb6-9673-0af7d2853298\" data-bs-parent=\"#accordion-956ba34d-6563-4f7f-9ff4-d5aead003236\"><div class=\"accordion-body\">\n<p>Erweiterungen, Integrationen, API-Management, Workflows, SAP Build&nbsp;<\/p>\n<\/div><\/div><\/div>\n\n\n\n<div class=\"wp-block-teufels-accordion-item accordion-item\"><h2 class=\"accordion-header\" id=\"heading-49181888-44d6-4e19-9dc3-3f7ee9a5dd1e\"><button class=\"accordion-button collapsed\" data-bs-toggle=\"collapse\" data-bs-target=\"#collapse-49181888-44d6-4e19-9dc3-3f7ee9a5dd1e\" aria-expanded=\"false\" aria-control=\"collapse-49181888-44d6-4e19-9dc3-3f7ee9a5dd1e\">ABAP- und Fiori-Entwicklung<\/button><\/h2><div id=\"collapse-49181888-44d6-4e19-9dc3-3f7ee9a5dd1e\" class=\"accordion-collapse collapse\" aria-labelledby=\"heading-49181888-44d6-4e19-9dc3-3f7ee9a5dd1e\" data-bs-parent=\"#accordion-956ba34d-6563-4f7f-9ff4-d5aead003236\"><div class=\"accordion-body\">\n<p>Erweiterungen, Reports, Schnittstellen<\/p>\n<\/div><\/div><\/div>\n\n\n\n<div class=\"wp-block-teufels-accordion-item accordion-item\"><h2 class=\"accordion-header\" id=\"heading-4a83b871-54a8-4a7f-b7d0-9e26499dc60e\"><button class=\"accordion-button collapsed\" data-bs-toggle=\"collapse\" data-bs-target=\"#collapse-4a83b871-54a8-4a7f-b7d0-9e26499dc60e\" aria-expanded=\"false\" aria-control=\"collapse-4a83b871-54a8-4a7f-b7d0-9e26499dc60e\">Security<\/button><\/h2><div id=\"collapse-4a83b871-54a8-4a7f-b7d0-9e26499dc60e\" class=\"accordion-collapse collapse\" aria-labelledby=\"heading-4a83b871-54a8-4a7f-b7d0-9e26499dc60e\" data-bs-parent=\"#accordion-956ba34d-6563-4f7f-9ff4-d5aead003236\"><div class=\"accordion-body\">\n<p>Security Audit, Rollen- und Berechtigungsverwaltung, Authentifizierung, Datensicherheit, Monitoring und Logging<\/p>\n<\/div><\/div><\/div>\n\n\n\n<div class=\"wp-block-teufels-accordion-item accordion-item\"><h2 class=\"accordion-header\" id=\"heading-d16c583b-c5f2-4064-a948-b1283f697742\"><button class=\"accordion-button collapsed\" data-bs-toggle=\"collapse\" data-bs-target=\"#collapse-d16c583b-c5f2-4064-a948-b1283f697742\" aria-expanded=\"false\" aria-control=\"collapse-d16c583b-c5f2-4064-a948-b1283f697742\">SAP Basis\u00a0<\/button><\/h2><div id=\"collapse-d16c583b-c5f2-4064-a948-b1283f697742\" class=\"accordion-collapse collapse\" aria-labelledby=\"heading-d16c583b-c5f2-4064-a948-b1283f697742\" data-bs-parent=\"#accordion-956ba34d-6563-4f7f-9ff4-d5aead003236\"><div class=\"accordion-body\">\n<p>SAP Basis-Check-ups, Beratung &amp; Implementierung<\/p>\n<\/div><\/div><\/div>\n<\/div>\n<\/div>\n<\/div>\n<\/div>\n<\/section>\n\n\n\n\n\n<section class=\"wp-block-group headline-text-slider-icon-text-light is-layout-constrained wp-block-group-is-layout-constrained\">\n<div class=\"wp-block-group container is-layout-flow wp-block-group-is-layout-flow\">\n<div class=\"wp-block-columns row is-layout-flex wp-block-columns-is-layout-flex\">\n<div class=\"wp-block-column col-12 is-layout-flow wp-block-column-is-layout-flow\">\n<h2 class=\"wp-block-heading headline\">Ihre Vorteile&nbsp;<\/h2>\n\n\n\n<p><\/p>\n\n\n\n<div class=\"wp-block-group slider-icon-text swiper is-layout-flow wp-block-group-is-layout-flow\">\n<div class=\"wp-block-group swiper-wrapper is-layout-flow wp-block-group-is-layout-flow\">\n<div class=\"wp-block-group swiper-slide is-layout-flow wp-block-group-is-layout-flow\">\n\n\n<h3 class=\"wp-block-heading headline\">Schneller Einsatz<\/h3>\n\n\n\n<p>Verf\u00fcgbarkeit innerhalb weniger Tage&nbsp;<\/p>\n<\/div>\n\n\n\n<div class=\"wp-block-group swiper-slide is-layout-flow wp-block-group-is-layout-flow\">\n\n\n<h3 class=\"wp-block-heading headline\">Flexibles Modell<\/h3>\n\n\n\n<p>Stunden- oder tageweise, als Kontingent oder SLA-basiert&nbsp;<\/p>\n<\/div>\n\n\n\n<div class=\"wp-block-group swiper-slide is-layout-flow wp-block-group-is-layout-flow\">\n\n\n<h3 class=\"wp-block-heading headline\">Integrierte Expertise<\/h3>\n\n\n\n<p>Unsere Berater arbeiten nahtlos in Ihre Teams und Prozesse&nbsp;<\/p>\n<\/div>\n<\/div>\n<\/div>\n<\/div>\n<\/div>\n<\/div>\n<\/section>\n\n\n\n<section class=\"wp-block-group headline-text-slider-icon-text is-layout-constrained wp-block-group-is-layout-constrained\">\n<div class=\"wp-block-group container is-layout-flow wp-block-group-is-layout-flow\">\n<div class=\"wp-block-columns row is-layout-flex wp-block-columns-is-layout-flex\">\n<div class=\"wp-block-column col-12 is-layout-flow wp-block-column-is-layout-flow\">\n<h2 class=\"wp-block-heading headline\">Beispiel-Szenarien aus der Praxis:&nbsp;<\/h2>\n\n\n\n<p><\/p>\n\n\n\n<div class=\"wp-block-group slider-icon-text swiper is-layout-flow wp-block-group-is-layout-flow\">\n<div class=\"wp-block-group swiper-wrapper is-layout-flow wp-block-group-is-layout-flow\">\n<div class=\"wp-block-group swiper-slide is-layout-flow wp-block-group-is-layout-flow\">\n<h3 class=\"wp-block-heading headline\">Anwendungsentwicklung im S\/4HANA-Umfeld:&nbsp;<\/h3>\n\n\n\n<p>Unterst\u00fctzung bei der Implementierung eines kundeneigenen Genehmigungsworkflows (ABAP &amp; Fiori)<\/p>\n<\/div>\n\n\n\n<div class=\"wp-block-group swiper-slide is-layout-flow wp-block-group-is-layout-flow\">\n<h3 class=\"wp-block-heading headline\">BTP-Erweiterung:&nbsp;<\/h3>\n\n\n\n<p>Entwicklung eines Custom Launchpad-Moduls mit Anbindung an On-Premise-Datenquellen&nbsp;<\/p>\n<\/div>\n\n\n\n<div class=\"wp-block-group swiper-slide is-layout-flow wp-block-group-is-layout-flow\">\n<h3 class=\"wp-block-heading headline\">Architektur-Review:&nbsp;<\/h3>\n\n\n\n<p>Analyse bestehender Integrationslandschaft und Entwicklung einer schlanken&nbsp;Erweiterungsstrategie<\/p>\n<\/div>\n\n\n\n<div class=\"wp-block-group swiper-slide is-layout-flow wp-block-group-is-layout-flow\">\n<h3 class=\"wp-block-heading headline\">Entwicklung eines Produktions-Cockpits&nbsp;<\/h3>\n\n\n\n<p><\/p>\n<\/div>\n\n\n\n<div class=\"wp-block-group swiper-slide is-layout-flow wp-block-group-is-layout-flow\">\n<h3 class=\"wp-block-heading headline\">Implementierung von neuen Gesetzlichen Anforderungen im HCM Umfeld&nbsp;<\/h3>\n\n\n\n<p><\/p>\n<\/div>\n\n\n\n<div class=\"wp-block-group swiper-slide is-layout-flow wp-block-group-is-layout-flow\">\n<h3 class=\"wp-block-heading headline\">Erweiterungen der Reporting und Controlling Funktionalit\u00e4ten&nbsp;<\/h3>\n\n\n\n<p><\/p>\n<\/div>\n<\/div>\n<\/div>\n<\/div>\n<\/div>\n<\/div>\n<\/section>\n\n\n\n<p><\/p>\n","protected":false},"excerpt":{"rendered":"<p>Spot-Consulting \u2013 SAP-Expertise auf Abruf&nbsp; Wenn SAP-Know-how punktuell gefragt ist, braucht es flexible Unterst\u00fctzung ohne lange Anlaufzeiten.&nbsp; Mit unserem Spot-Consulting stellen wir Ihnen erfahrene SAP-Spezialisten zur Seite \u2013 f\u00fcr genau definierte Aufgaben, kurzfristige Kapazit\u00e4tsengp\u00e4sse oder spezifische Technologiethemen. Unabh\u00e4ngig vom Projektgesch\u00e4ft, eingebettet in Ihre Strukturen.&nbsp; \u201eGezielte Unterst\u00fctzung, technologische Tiefe, keine langen Abstimmungswege \u2013 daf\u00fcr steht unser [&hellip;]<\/p>\n","protected":false},"author":9,"featured_media":0,"parent":4407,"menu_order":0,"comment_status":"closed","ping_status":"closed","template":"","meta":{"footnotes":""},"class_list":["post-4545","page","type-page","status-publish","hentry"],"lang":"de","translations":{"de":4545,"at":2961,"en":4548,"hr":5575},"pll_sync_post":[],"_links":{"self":[{"href":"https:\/\/solutions.axians.com\/sap\/wp-json\/wp\/v2\/pages\/4545","targetHints":{"allow":["GET"]}}],"collection":[{"href":"https:\/\/solutions.axians.com\/sap\/wp-json\/wp\/v2\/pages"}],"about":[{"href":"https:\/\/solutions.axians.com\/sap\/wp-json\/wp\/v2\/types\/page"}],"author":[{"embeddable":true,"href":"https:\/\/solutions.axians.com\/sap\/wp-json\/wp\/v2\/users\/9"}],"replies":[{"embeddable":true,"href":"https:\/\/solutions.axians.com\/sap\/wp-json\/wp\/v2\/comments?post=4545"}],"version-history":[{"count":1,"href":"https:\/\/solutions.axians.com\/sap\/wp-json\/wp\/v2\/pages\/4545\/revisions"}],"predecessor-version":[{"id":4546,"href":"https:\/\/solutions.axians.com\/sap\/wp-json\/wp\/v2\/pages\/4545\/revisions\/4546"}],"up":[{"embeddable":true,"href":"https:\/\/solutions.axians.com\/sap\/wp-json\/wp\/v2\/pages\/4407"}],"wp:attachment":[{"href":"https:\/\/solutions.axians.com\/sap\/wp-json\/wp\/v2\/media?parent=4545"}],"curies":[{"name":"wp","href":"https:\/\/api.w.org\/{rel}","templated":true}]}}